e of 3*w - 1/2*w**2 + 12. Suppose -6*a = 12 - 30. Give j(a).
0
Let q(k) be the third derivative of -k**6/120 + k**5/12 + 5*k**4/12 - 25*k**3/6 - 6*k**2. Let x be 12/(-7)*35/(-10). Determine q(x).
-1
Let i(n) = -n**2 - 8*n + 5. Suppose -4*r = -3*r - 20. Suppose -103*c + 98*c = r. Let v(m) = m - 1. Let w(k) = c*v(k) - i(k). What is w(-4)?
-1
Let h = -431 + 433. Let c(j) = 9*j**2 + j - j**h - j**3 + 2 - j + 0*j**2. What is c(8)?
2
Suppose -8*g + 3*g + 12 = 2*i, -2*g - i + 4 = 0. Let n(j) = 20*j - 1 - g - 21*j - 1. Determine n(-10).
4
Let l(w) = -9*w + 15. Let t be l(5). Let y = -22 - t. Let b(a) = -2*a - 10. What is b(y)?
-26
Let s be ((-10)/4)/((-6)/12). Let t(q) = s*q + q - 11*q. Let f be ((297/6)/9 - 3)*2. Calculate t(f).
-25
Let x(k) = 32*k - 374. Let l be x(12). Let g(b) = b**3 - 11*b**2 + 3*b - 8. Determine g(l).
-78
Let o(a) = a - 1. Let w be 6/((-34)/28 - (-12)/(-42)). Let q(u) = -3*u**2 + 8*u - 6. Let x(v) = w*o(v) + q(v). What is x(3)?
-17
Let u(m) = m**3 - 4*m**2 - 7*m. Let s be u(5). Let y = s - -5. Let k(b) = -1 + 5*b - 7*b + 5 + 0*b + 3*b. Calculate k(y).
-1
Suppose -2*w = -4*q + 30, 0 = 15*q - 11*q + 3*w - 5. Let a(v) = v**2 - 17. Determine a(q).
8
Let w be (-16)/40 + (-12)/(-5). Let d(z) = -z - 8932 + 8922 - 7*z. Let t(y) = 7*y + 8. Let q(x) = 3*d(x) + 4*t(x). What is q(w)?
10
Suppose -11*n - 15 = -4. Let h(j) = -3*j**3 - 23 + 2*j**2 + 52 - 30. Determine h(n).
4
Suppose 0 = -2*b - 5*s + 4*s + 83, 3*b - s - 117 = 0. Let k be b/(-30) - (-56)/6. Suppose -6*m + 10 = -k*m. Let u(i) = i**2 + 6*i + 6. Give u(m).
1
Let w = 330 - 310. Let l(k) = -14 - 2*k + 35 + 5*k - w - k. Calculate l(11).
23
Let l be (-43 - (-1120)/28)/3. Let j(p) be the second derivative of p**4 - p**2/2 - 2*p. Give j(l).
11
Let x(q) = -q**2 - 2*q + 1. Let n be x(-5). Let w be (-4)/n - (-12)/7. Let l(h) = 81*h - 86*h + 5 - 3. Calculate l(w).
-8
Suppose -f + 1 = 3*m, 0 = -0*m + 2*m + 6. Suppose -4*k - 2*b + 16 = 0, -5*b + 0*b + f = 0. Let h(x) = -x + 6 - 2*x**2 + 0*x**2 + k*x - 7. Determine h(3).
-13
Let b(m) = m**2 + 7*m - 4. Let u(y) = 31*y + 246. Let d be u(-8). Let n = -6 + d. What is b(n)?
4
Suppose 6*p = p. Suppose 4*i - 4*h + p = 28, -3*h - 24 = -4*i. Suppose 12 = -4*c + 5*k + 2, i*k - 6 = 5*c. Let t(o) = -o**3 + o**2 + o + 7. What is t(c)?
7
Let g(a) be the second derivative of a**4/12 + a**3/3 + 3*a**2/2 + a. Let n(w) = -2*w**3 + 10*w**2 - 4*w - 18. Let z be n(6). Let i = -117 - z. Determine g(i).
6
Let h(i) be the second derivative of 2*i**4/3 - i**3/2 + 3*i**2 - i + 3. Let o be h(1). Let y(x) = -3*x + 12. Give y(o).
-21
Let j(q) be the second derivative of -40*q - 3*q**2 + 0 + 1/6*q**3. Determine j(5).
-1
Let d be -2 + 34 - 0/9. Let l = d + -31. Let j(t) = 2 - l + 6 - 2 - 4*t. What is j(4)?
-11
Let w(y) = -2*y - 22. Suppose -4*z - 5*l + 12 + 1 = 0, -2*z + l - 11 = 0. Give w(z).
-16
Let s(a) = a**2 - 5*a - 2. Let j(x) = x**3 + 27*x**2 + 28*x + 65. Let q be j(-26). Let t be (-16 - (-32)/4) + q. Determine s(t).
-2
Let b(d) be the first derivative of -15*d + 1/3*d**3 + 323 - 13/2*d**2. What is b(14)?
-1
Suppose -3*v + 888 = 5*k, 5*v + 740 = -4*k + 8*k. Let j be ((-1)/3)/((-10)/k). Let x(u) = 5*u - 9. Let b(o) = -o. Let t(c) = -2*b(c) - x(c). Give t(j).
-9
Suppose -23*o = o - o. Let d(u) = -3*u**2 - 3*u - 20. Let x(c) = -7 + 0*c - c**2 - 5*c + 0*c + 4*c. Let n(v) = 4*d(v) - 11*x(v). Determine n(o).
-3
Let l(h) = h - 18. Let x = 175 + -147. Let f be (-8)/14 - (-16)/x. Calculate l(f).
-18
Let m(n) = -n**2 - 211*n + 894*n - 682*n - 1. Let i = -2 - 0. Give m(i).
-7
Let r(i) = i**2 + 3*i - 2. Let s be r(-8). Let n = s - 35. Let f(m) = 3*m**2 + 4*m**3 - 2*m - 305 + 302 - 5*m**3. What is f(n)?
-9
Suppose 60 = -s - 3*s + 4*h, -2*s = 3*h + 25. Let g(y) = 11*y + 81. Determine g(s).
-73
Let u(s) = s**3 + 9*s**2 + 3. Suppose 10*l - 342 = 1168. Let m = -160 + l. Calculate u(m).
3
Let r(m) = 4*m - 7. Suppose -6*g - 4*g + 70 = 0. Let c(x) = x - 3. Let o(v) = g*c(v) - 2*r(v). Determine o(-8).
1
Let x(o) = -2*o**3 - 10*o**2 + 31*o + 1. Let s(g) = 3*g**3 + 16*g**2 - 38*g. Let u(b) = -3*s(b) - 4*x(b). Determine u(-8).
76
Let n(x) = -39*x + 207. Let w(m) = -10*m - 1. Let c(d) = -n(d) + 3*w(d). Calculate c(23).
-3
Suppose -4*t + 60 = 2*l, -l + 3*t = -t - 24. Let k(y) = l + 36 + 5*y - 68. Let m(z) = -4*z + 3. Let u(h) = -5*k(h) - 6*m(h). Give u(8).
-6
Let y(z) = -z - 2. Let j be y(5). Let t(n) = -22 - n**2 + 2 + 35 - 7*n - 16. Determine t(j).
-1
Let d(j) be the second derivative of -2*j**3/3 + 34*j**2 + 315*j. Calculate d(17).
0
Let p(r) = -14*r + 11. Let z = 561 + -554. Give p(z).
-87
Let i(u) = -10*u - 344. Let g be i(-34). Let r(q) be the second derivative of 0 + 5*q - 3/2*q**2 + 1/20*q**5 + 1/3*q**4 - 1/6*q**3. Calculate r(g).
1
Let j(f) = 5*f**3 - 10*f**2 + 4*f - 12. Let s(z) = z**3 - z**2 + z - 1. Suppose -k - r = -0*r, -r - 2 = 3*k. Let g(a) = k*j(a) + 6*s(a). Give g(-4).
-2
Let i(p) = -313*p + 90. Let a(t) = 366*t - 88. Let k(n) = -6*a(n) - 7*i(n). Determine k(-21).
3
Suppose 10*s + s = 341. Let f(k) = -1 + 7*k - 27*k**2 - s*k**2 + 57*k**2. Suppose 0 = 4*h - 33 + 9. Give f(h).
5
Let z(g) be the first derivative of -9*g**2 + 120*g - 1098. Determine z(6).
12
Let z = 195 + -191. Suppose j = 2*w - 19, z*j + 29 = 9. Let b(l) = -l - 7. Calculate b(w).
-14
Let n(i) be the first derivative of -4/3*i**3 - 1/4*i**4 + 5/2*i**2 + 2*i - 64. Calculate n(-5).
2
Suppose 0 = x + a, 0 = -3*x - x - a. Suppose 3*q + 26 = 5*c, 18 = 2*c - x*c - 5*q. Let n(f) = -c + 4 + 5 - 36*f + 37*f. What is n(4)?
9
Let q(z) = -230*z + 1146. Let j be q(5). Let n(a) = -a**3 - 3*a**2 - 7*a - 4. Calculate n(j).
40
Let g(r) be the first derivative of 3*r**2/2 + 4*r + 38371. Suppose -2*p + 1 = 5*b + 21, b = 3*p + 13. What is g(p)?
-11
Suppose -4*p = 5*w - 22, 23*p - 24*p = w - 5. Let n(t) = 4 - 2*t**2 - 4*t**2 - 173*t - 177*t + 2 + 354*t + t**p. What is n(5)?
1
Let a(b) = -5*b**2 - 5*b - 4. Let m be (-16)/(-12) - (0 + (-21)/(-9)). Let x be a(m). Let o(r) = r**3 + 5*r**2 + 3*r + 1. Calculate o(x).
5
Let n(r) = -r**2 + 3*r + 72. Let u be n(-6). Let y(o) = -o**3 + 17*o**2 + 14*o + 64. Calculate y(u).
-8
Let w = 1 + 0. Suppose 3*n - 3 = -5*u, 2*u - w = 3*n - 4. Let t(r) = 39*r**3 - r**2 - 2. Let q(f) = 38*f**3 - f**2 - 1. Let g(j) = -q(j) + t(j). Determine g(n).
0
Let a = -1501 - -1508. Let t(i) = -2*i - 11. Let o(j) = -3*j - 12. Let l(m) = -4*o(m) + 5*t(m). Give l(a).
7
Suppose 344*u + 8 = 352*u. Let s(m) = 13*m**3 + 5*m**2 + 1. Let r(n) = n - 2. Let l be r(1). Let b(i) = i**2. Let x(c) = l*s(c) + 6*b(c). What is x(u)?
-13
Let f(r) be the second derivative of 3*r**3/2 + 6*r**2 + 138*r. Let o(x) = 7*x + 10. Let k(t) = 4*f(t) - 5*o(t). Determine k(-12).
-14
Let m(l) = -4*l + 9. Let d(j) = j**3 + 13*j**2 + 9. Let n be d(-13). Suppose h + 11 = 2*t - 4, 5*h + n = -t. Calculate m(t).
-15
Suppose -3 + 4161 = -6*d. Let f = -687 - d. Let m(l) = l. Let a(n) = n**2 - 11*n + 6. Let p(z) = a(z) + 5*m(z). What is p(f)?
6
Let t = 317 + -315. Let g(o) = 5 - 3*o - o + 4. Let f(k) = 5*k - 10. Let s(l) = t*f(l) + 3*g(l). What is s(5)?
-3
Suppose 196*q = 170 + 31 - 5. Let b(s) = -20*s**2 + 2*s - 2. Calculate b(q).
-20
Let n(l) = -1806 + 3581 - 1826 - l + 4*l. What is n(6)?
-33
Let q(i) = i. Let v(y) = y**2 + 3*y - 7. Let r be 4/(96/51) - 2/16. Let w be v(r). What is q(w)?
3
Let u(m) = -m**2 + 13*m - 22. Let x be u(10). Suppose -2*g - o - 26 = 0, -5*o + 2 = -x. Let t = g + 17. Let q(d) = 3*d + 1. Give q(t).
10
Let d be (2 + 9/(-6))*(2 + 12). Let z(g) = -g**2 + 3*g + 8. Let s(x) = 20 + 4*x + x**2 - 2*x**2 - 13. Let p(h) = 3*s(h) - 2*z(h). Determine p(d).
-2
Suppose 0 = -2*b + 5*b + 18. Let g(k) = -599*k - 42. Let u(r) = 659*r + 47. Let o(x) = 11*g(x) + 10*u(x). Calculate o(b).
2
Let z(l) = l**2 - 35*l - 86. Suppose 5*m = 4*v + 205, 10 = -2*m - 2*v + 74. Give z(m).
-12
Let n be 1*(-3)/18*3*-50. Suppose 31*a - n*a = 402. Let o = 63 - a. Let p(c) = -c + 1. Determine p(o).
5
Suppose -44 = -3*a - 11. Let b be -7*a/((-308)/24) - 3. Let l(t) = 3 + 2*t - 8*t - b*t + 8*t**2 + t**3 + 0*t. Calculate l(-9).
3
Let r(s) = s**3 + 4*s**2 - 6*s. Let p(c) = 5*c + 42. Let g(k) = 45*k + 375. Let o(u) = 6*g(u) - 55*p(u). Let y be o(-11). Determine r(y).
5
Suppose 422 = 35*d + 85*d + 1142. Let y(z) = 4*z + 1. Let l(o) = 2*o + 1. Let x(n) = 5*l(n) - 2*y(n). Giv